{"id":50,"date":"2024-08-05T14:08:07","date_gmt":"2024-08-05T12:08:07","guid":{"rendered":"https:\/\/taxihome-sh.ch\/cms\/?page_id=50"},"modified":"2024-09-12T16:14:00","modified_gmt":"2024-09-12T14:14:00","slug":"home-team-sind-in-ihrer-naehe","status":"publish","type":"page","link":"https:\/\/taxihome-sh.ch\/cms\/home-team-sind-in-ihrer-naehe\/","title":{"rendered":"Home Team sind in Ihrer N\u00e4he"},"content":{"rendered":"\t\t<div data-elementor-type=\"wp-page\" data-elementor-id=\"50\" class=\"elementor elementor-50\">\n\t\t\t\t<div class=\"elementor-element elementor-element-d2eb28f e-flex e-con-boxed e-con e-parent\" data-id=\"d2eb28f\" data-element_type=\"container\" data-e-type=\"container\" data-settings=\"{&quot;background_background&quot;:&quot;classic&quot;}\">\n\t\t\t\t\t<div class=\"e-con-inner\">\n\t\t\t\t<div class=\"elementor-element elementor-element-91d94f4 elementor-widget elementor-widget-image\" data-id=\"91d94f4\" data-element_type=\"widget\" data-e-type=\"widget\" data-widget_type=\"image.default\">\n\t\t\t\t<div class=\"elementor-widget-container\">\n\t\t\t\t\t\t\t\t\t\t\t\t\t\t\t<img fetchpriority=\"high\" decoding=\"async\" width=\"607\" height=\"399\" src=\"https:\/\/taxihome-sh.ch\/cms\/wp-content\/uploads\/2024\/08\/7308632-Home-im-frieden.jpg\" class=\"attachment-large size-large wp-image-52\" alt=\"\" srcset=\"https:\/\/taxihome-sh.ch\/cms\/wp-content\/uploads\/2024\/08\/7308632-Home-im-frieden.jpg 607w, https:\/\/taxihome-sh.ch\/cms\/wp-content\/uploads\/2024\/08\/7308632-Home-im-frieden-300x197.jpg 300w\" sizes=\"(max-width: 607px) 100vw, 607px\" \/>\t\t\t\t\t\t\t\t\t\t\t\t\t\t\t<\/div>\n\t\t\t\t<\/div>\n\t\t\t\t<div class=\"elementor-element elementor-element-872704d elementor-widget elementor-widget-heading\" data-id=\"872704d\" data-element_type=\"widget\" data-e-type=\"widget\" data-widget_type=\"heading.default\">\n\t\t\t\t<div class=\"elementor-widget-container\">\n\t\t\t\t\t<h2 class=\"elementor-heading-title elementor-size-default\">Home Team sind in Ihrer N\u00e4he<\/h2>\t\t\t\t<\/div>\n\t\t\t\t<\/div>\n\t\t\t\t<div class=\"elementor-element elementor-element-d4f1262 elementor-widget elementor-widget-text-editor\" data-id=\"d4f1262\" data-element_type=\"widget\" data-e-type=\"widget\" data-widget_type=\"text-editor.default\">\n\t\t\t\t<div class=\"elementor-widget-container\">\n\t\t\t\t\t\t\t\t\t<div class=\"freetextarea\"><div><strong><u>Gesch\u00e4ftsf\u00fchrung: <\/u><\/strong><\/div><div><strong>Khemais Mejri <\/strong><\/div><div><strong>Kaufmann, Detailhandelsp\u00e9zialist SIU\u00a0Schweiz. Institut f\u00fcr Unternehmerschulung<\/strong><\/div><div>\u00a0<\/div><div><strong>E-mail: <a href=\"mailto:kmejri@bluewin.ch\">kmejri@bluewin.ch<\/a><\/strong><\/div><div>\u00a0<\/div><div><strong>E-mail: <a href=\"info@taxihome-sh.ch\">info@taxihome-sh.ch<\/a><\/strong><\/div><div>\u00a0<\/div><div><strong>Tel:\u00a0 <a href=\"tel:0797301055\">+41 79 730 10 55<\/a> \u200b\u200b\u200b\u200b\u200b\u200b\u200b oder\u00a0 <a href=\"tel:0526802828\">+41 52 680 28 28<\/a><\/strong><\/div><div>\u00a0<\/div><div><strong>Dienstleistungen +\u00a0Erfahrungen + F\u00e4higkeiten<\/strong><\/div><div>\u00a0<\/div><div>40 Jahre am Platz Schaffhausen\u00a0 mit Transparenz und Flexibilit\u00e4t \u200b\u200b\u200b\u200b\u200b\u200b\u200b<\/div><div>\u00a0<\/div><div>Langj\u00e4hrige Erfahrung im Personentransporte, Detailhandel\u00a0und Gastronomie.<\/div><div>Unternehmerisch denkend, plant und organisiert selbst\u00e4ndig und geht auf die Kundenbed\u00fcrfnisse ein.<\/div><div>Verf\u00fcgt \u00fcber schnelle Auffassungsgabe, flexibel, belastbar und kontaktfreudig.<\/div><\/div>\t\t\t\t\t\t\t\t<\/div>\n\t\t\t\t<\/div>\n\t\t<div class=\"elementor-element elementor-element-7e6838d e-con-full e-flex e-con e-child\" data-id=\"7e6838d\" data-element_type=\"container\" data-e-type=\"container\">\n\t\t<div class=\"elementor-element elementor-element-7806b0c e-con-full e-flex e-con e-child\" data-id=\"7806b0c\" data-element_type=\"container\" data-e-type=\"container\">\n\t\t\t\t<div class=\"elementor-element elementor-element-f5ef5ce elementor-widget elementor-widget-image\" data-id=\"f5ef5ce\" data-element_type=\"widget\" data-e-type=\"widget\" data-widget_type=\"image.default\">\n\t\t\t\t<div class=\"elementor-widget-container\">\n\t\t\t\t\t\t\t\t\t\t\t\t\t\t\t<img decoding=\"async\" width=\"991\" height=\"1024\" src=\"https:\/\/taxihome-sh.ch\/cms\/wp-content\/uploads\/2024\/08\/11092130-Ashampoo_Snap_Montag_15._Maerz_2021_19h49m57s_003_-16790-991x1024.png\" class=\"attachment-large size-large wp-image-53\" alt=\"\" srcset=\"https:\/\/taxihome-sh.ch\/cms\/wp-content\/uploads\/2024\/08\/11092130-Ashampoo_Snap_Montag_15._Maerz_2021_19h49m57s_003_-16790-991x1024.png 991w, https:\/\/taxihome-sh.ch\/cms\/wp-content\/uploads\/2024\/08\/11092130-Ashampoo_Snap_Montag_15._Maerz_2021_19h49m57s_003_-16790-290x300.png 290w, https:\/\/taxihome-sh.ch\/cms\/wp-content\/uploads\/2024\/08\/11092130-Ashampoo_Snap_Montag_15._Maerz_2021_19h49m57s_003_-16790-768x794.png 768w, https:\/\/taxihome-sh.ch\/cms\/wp-content\/uploads\/2024\/08\/11092130-Ashampoo_Snap_Montag_15._Maerz_2021_19h49m57s_003_-16790-1486x1536.png 1486w, https:\/\/taxihome-sh.ch\/cms\/wp-content\/uploads\/2024\/08\/11092130-Ashampoo_Snap_Montag_15._Maerz_2021_19h49m57s_003_-16790-1981x2048.png 1981w\" sizes=\"(max-width: 991px) 100vw, 991px\" \/>\t\t\t\t\t\t\t\t\t\t\t\t\t\t\t<\/div>\n\t\t\t\t<\/div>\n\t\t\t\t<div class=\"elementor-element elementor-element-90a4fd4 elementor-widget elementor-widget-text-editor\" data-id=\"90a4fd4\" data-element_type=\"widget\" data-e-type=\"widget\" data-widget_type=\"text-editor.default\">\n\t\t\t\t<div class=\"elementor-widget-container\">\n\t\t\t\t\t\t\t\t\t<p>Wir sind in Ihrer N\u00e4he:<br \/>Lendenbergstrasse 5,<br \/>8226 Schleitheim<\/p>\t\t\t\t\t\t\t\t<\/div>\n\t\t\t\t<\/div>\n\t\t\t\t<\/div>\n\t\t<div class=\"elementor-element elementor-element-98e9366 e-con-full e-flex e-con e-child\" data-id=\"98e9366\" data-element_type=\"container\" data-e-type=\"container\">\n\t\t\t\t<div class=\"elementor-element elementor-element-160cbe1 elementor-widget elementor-widget-image\" data-id=\"160cbe1\" data-element_type=\"widget\" data-e-type=\"widget\" data-widget_type=\"image.default\">\n\t\t\t\t<div class=\"elementor-widget-container\">\n\t\t\t\t\t\t\t\t\t\t\t\t\t\t\t<img decoding=\"async\" width=\"513\" height=\"468\" src=\"https:\/\/taxihome-sh.ch\/cms\/wp-content\/uploads\/2024\/08\/11551550-Scorpion_Pease11-c9f0f.jpg\" class=\"attachment-large size-large wp-image-54\" alt=\"\" srcset=\"https:\/\/taxihome-sh.ch\/cms\/wp-content\/uploads\/2024\/08\/11551550-Scorpion_Pease11-c9f0f.jpg 513w, https:\/\/taxihome-sh.ch\/cms\/wp-content\/uploads\/2024\/08\/11551550-Scorpion_Pease11-c9f0f-300x274.jpg 300w\" sizes=\"(max-width: 513px) 100vw, 513px\" \/>\t\t\t\t\t\t\t\t\t\t\t\t\t\t\t<\/div>\n\t\t\t\t<\/div>\n\t\t\t\t<div class=\"elementor-element elementor-element-0d638e5 elementor-widget elementor-widget-text-editor\" data-id=\"0d638e5\" data-element_type=\"widget\" data-e-type=\"widget\" data-widget_type=\"text-editor.default\">\n\t\t\t\t<div class=\"elementor-widget-container\">\n\t\t\t\t\t\t\t\t\t<p>Wir sind in Ihrer N\u00e4he<br \/>Bahnhof- Durachweg 7-<br \/>8200 Schaffhausen<\/p>\t\t\t\t\t\t\t\t<\/div>\n\t\t\t\t<\/div>\n\t\t\t\t<\/div>\n\t\t\t\t<\/div>\n\t\t<div class=\"elementor-element elementor-element-b91bcc7 e-con-full e-flex e-con e-child\" data-id=\"b91bcc7\" data-element_type=\"container\" data-e-type=\"container\">\n\t\t<div class=\"elementor-element elementor-element-312e137 e-con-full e-flex e-con e-child\" data-id=\"312e137\" data-element_type=\"container\" data-e-type=\"container\">\n\t\t\t\t<div class=\"elementor-element elementor-element-bf38382 elementor-widget elementor-widget-image\" data-id=\"bf38382\" data-element_type=\"widget\" data-e-type=\"widget\" data-widget_type=\"image.default\">\n\t\t\t\t<div class=\"elementor-widget-container\">\n\t\t\t\t\t\t\t\t\t\t\t\t\t\t\t<img loading=\"lazy\" decoding=\"async\" width=\"1024\" height=\"799\" src=\"https:\/\/taxihome-sh.ch\/cms\/wp-content\/uploads\/2024\/08\/12358811-360109373_2063149004048756_5960616953557846982_n-e4da3-1024x799.jpg\" class=\"attachment-large size-large wp-image-55\" alt=\"\" srcset=\"https:\/\/taxihome-sh.ch\/cms\/wp-content\/uploads\/2024\/08\/12358811-360109373_2063149004048756_5960616953557846982_n-e4da3-1024x799.jpg 1024w, https:\/\/taxihome-sh.ch\/cms\/wp-content\/uploads\/2024\/08\/12358811-360109373_2063149004048756_5960616953557846982_n-e4da3-300x234.jpg 300w, https:\/\/taxihome-sh.ch\/cms\/wp-content\/uploads\/2024\/08\/12358811-360109373_2063149004048756_5960616953557846982_n-e4da3-768x599.jpg 768w, https:\/\/taxihome-sh.ch\/cms\/wp-content\/uploads\/2024\/08\/12358811-360109373_2063149004048756_5960616953557846982_n-e4da3.jpg 1129w\" sizes=\"(max-width: 1024px) 100vw, 1024px\" \/>\t\t\t\t\t\t\t\t\t\t\t\t\t\t\t<\/div>\n\t\t\t\t<\/div>\n\t\t\t\t<div class=\"elementor-element elementor-element-47111e5 elementor-widget elementor-widget-text-editor\" data-id=\"47111e5\" data-element_type=\"widget\" data-e-type=\"widget\" data-widget_type=\"text-editor.default\">\n\t\t\t\t<div class=\"elementor-widget-container\">\n\t\t\t\t\t\t\t\t\t<p>Jubi 10 Jahre<\/p>\t\t\t\t\t\t\t\t<\/div>\n\t\t\t\t<\/div>\n\t\t\t\t<\/div>\n\t\t<div class=\"elementor-element elementor-element-7e795d1 e-con-full e-flex e-con e-child\" data-id=\"7e795d1\" data-element_type=\"container\" data-e-type=\"container\">\n\t\t\t\t<div class=\"elementor-element elementor-element-217be55 elementor-widget elementor-widget-image\" data-id=\"217be55\" data-element_type=\"widget\" data-e-type=\"widget\" data-widget_type=\"image.default\">\n\t\t\t\t<div class=\"elementor-widget-container\">\n\t\t\t\t\t\t\t\t\t\t\t\t\t\t\t<img loading=\"lazy\" decoding=\"async\" width=\"640\" height=\"440\" src=\"https:\/\/taxihome-sh.ch\/cms\/wp-content\/uploads\/2024\/08\/9066527-sh1.w640.jpg\" class=\"attachment-large size-large wp-image-56\" alt=\"\" srcset=\"https:\/\/taxihome-sh.ch\/cms\/wp-content\/uploads\/2024\/08\/9066527-sh1.w640.jpg 640w, https:\/\/taxihome-sh.ch\/cms\/wp-content\/uploads\/2024\/08\/9066527-sh1.w640-300x206.jpg 300w\" sizes=\"(max-width: 640px) 100vw, 640px\" \/>\t\t\t\t\t\t\t\t\t\t\t\t\t\t\t<\/div>\n\t\t\t\t<\/div>\n\t\t\t\t<div class=\"elementor-element elementor-element-58319bf elementor-widget elementor-widget-text-editor\" data-id=\"58319bf\" data-element_type=\"widget\" data-e-type=\"widget\" data-widget_type=\"text-editor.default\">\n\t\t\t\t<div class=\"elementor-widget-container\">\n\t\t\t\t\t\t\t\t\t<p>Schiffl\u00e4nde Schaffhausen<\/p>\t\t\t\t\t\t\t\t<\/div>\n\t\t\t\t<\/div>\n\t\t\t\t<\/div>\n\t\t\t\t<\/div>\n\t\t\t\t<div class=\"elementor-element elementor-element-eb68667 elementor-widget elementor-widget-image\" data-id=\"eb68667\" data-element_type=\"widget\" data-e-type=\"widget\" data-widget_type=\"image.default\">\n\t\t\t\t<div class=\"elementor-widget-container\">\n\t\t\t\t\t\t\t\t\t\t\t\t\t\t\t<img loading=\"lazy\" decoding=\"async\" width=\"634\" height=\"422\" src=\"https:\/\/taxihome-sh.ch\/cms\/wp-content\/uploads\/2024\/08\/9046985-main-2.jpg\" class=\"attachment-large size-large wp-image-57\" alt=\"\" srcset=\"https:\/\/taxihome-sh.ch\/cms\/wp-content\/uploads\/2024\/08\/9046985-main-2.jpg 634w, https:\/\/taxihome-sh.ch\/cms\/wp-content\/uploads\/2024\/08\/9046985-main-2-300x200.jpg 300w\" sizes=\"(max-width: 634px) 100vw, 634px\" \/>\t\t\t\t\t\t\t\t\t\t\t\t\t\t\t<\/div>\n\t\t\t\t<\/div>\n\t\t\t\t<div class=\"elementor-element elementor-element-b735957 elementor-widget elementor-widget-text-editor\" data-id=\"b735957\" data-element_type=\"widget\" data-e-type=\"widget\" data-widget_type=\"text-editor.default\">\n\t\t\t\t<div class=\"elementor-widget-container\">\n\t\t\t\t\t\t\t\t\t<p style=\"text-align: center;\"><a href=\"https:\/\/www.flughafen-zuerich.ch\/de\/passagiere\" target=\"_blank\" rel=\"noopener\">Chl\u00e4ggi Home Transfer:<\/a><br \/><a href=\"https:\/\/www.flughafen-zuerich.ch\/de\/passagiere\" target=\"_blank\" rel=\"noopener\">Abflug &#8211; Ankunft<\/a><\/p>\t\t\t\t\t\t\t\t<\/div>\n\t\t\t\t<\/div>\n\t\t\t\t\t<\/div>\n\t\t\t\t<\/div>\n\t\t\t\t<\/div>\n\t\t","protected":false},"excerpt":{"rendered":"<p>Home Team sind in Ihrer N\u00e4he Gesch\u00e4ftsf\u00fchrung: Khemais Mejri Kaufmann, Detailhandelsp\u00e9zialist SIU\u00a0Schweiz. Institut f\u00fcr Unternehmerschulung\u00a0E-mail: kmejri@bluewin.ch\u00a0E-mail: info@taxihome-sh.ch\u00a0Tel:\u00a0 +41 79 730 10 55 \u200b\u200b\u200b\u200b\u200b\u200b\u200b oder\u00a0 +41 52 680 28 28\u00a0Dienstleistungen +\u00a0Erfahrungen + F\u00e4higkeiten\u00a040 Jahre am Platz Schaffhausen\u00a0 mit Transparenz und Flexibilit\u00e4t \u200b\u200b\u200b\u200b\u200b\u200b\u200b\u00a0Langj\u00e4hrige Erfahrung im Personentransporte, Detailhandel\u00a0und Gastronomie.Unternehmerisch denkend, plant und organisiert selbst\u00e4ndig und geht auf die&hellip;&nbsp;<a href=\"https:\/\/taxihome-sh.ch\/cms\/home-team-sind-in-ihrer-naehe\/\" rel=\"bookmark\">Weiterlesen &raquo;<span class=\"screen-reader-text\">Home Team sind in Ihrer N\u00e4he<\/span><\/a><\/p>\n","protected":false},"author":1,"featured_media":0,"parent":0,"menu_order":0,"comment_status":"closed","ping_status":"closed","template":"page-templates\/template-pagebuilder-full-width.php","meta":{"neve_meta_sidebar":"","neve_meta_container":"","neve_meta_enable_content_width":"","neve_meta_content_width":0,"neve_meta_title_alignment":"","neve_meta_author_avatar":"","neve_post_elements_order":"","neve_meta_disable_header":"","neve_meta_disable_footer":"","neve_meta_disable_title":"","footnotes":""},"class_list":["post-50","page","type-page","status-publish","hentry"],"_links":{"self":[{"href":"https:\/\/taxihome-sh.ch\/cms\/wp-json\/wp\/v2\/pages\/50","targetHints":{"allow":["GET"]}}],"collection":[{"href":"https:\/\/taxihome-sh.ch\/cms\/wp-json\/wp\/v2\/pages"}],"about":[{"href":"https:\/\/taxihome-sh.ch\/cms\/wp-json\/wp\/v2\/types\/page"}],"author":[{"embeddable":true,"href":"https:\/\/taxihome-sh.ch\/cms\/wp-json\/wp\/v2\/users\/1"}],"replies":[{"embeddable":true,"href":"https:\/\/taxihome-sh.ch\/cms\/wp-json\/wp\/v2\/comments?post=50"}],"version-history":[{"count":16,"href":"https:\/\/taxihome-sh.ch\/cms\/wp-json\/wp\/v2\/pages\/50\/revisions"}],"predecessor-version":[{"id":123,"href":"https:\/\/taxihome-sh.ch\/cms\/wp-json\/wp\/v2\/pages\/50\/revisions\/123"}],"wp:attachment":[{"href":"https:\/\/taxihome-sh.ch\/cms\/wp-json\/wp\/v2\/media?parent=50"}],"curies":[{"name":"wp","href":"https:\/\/api.w.org\/{rel}","templated":true}]}}